 6*a. Let v be l(-4). Is -3 - -3 - (-105 - v) a prime number?
True
Let i(o) = -2*o**2 + 4*o - 4. Let y be i(-7). Let f = y + 187. Is f a prime number?
False
Let v(s) = -2*s**3 + 2*s - 1. Is v(-7) a prime number?
False
Let m = 120 - -169. Is m prime?
False
Is 2/6*-3 + 114 a composite number?
False
Suppose 3*s - 15 = -0*s. Let r(k) = -k**3 + 2*k**2 + 6*k + 6. Let i be r(s). Is (-1)/((-3)/i*-1) composite?
False
Let p be (-390)/(-75) - 1/5. Suppose 0 = p*t + 4*d + 79 - 850, 3*t - 2*d = 467. Is t a prime number?
False
Let j(o) = -3*o + 17*o**3 - 3*o + 5*o + o**2. Let l be j(1). Suppose 2*f - 57 = l. Is f prime?
True
Suppose 2*v = -z + 52, z = -z - 5*v + 107. Is z a prime number?
False
Let p be (-4)/(-6) + (-7)/(-3). Suppose -s - 2 = p, -4*h - 4*s = -8. Suppose -l + 27 + h = 0. Is l a prime number?
False
Suppose 4*d - 3*d - 5*v - 356 = 0, -d + 348 = -v. Is d a prime number?
False
Let q = 15 - 12. Suppose -q*a + 65 + 190 = 0. Is a prime?
False
Let x(g) = -g + 2. Let t be x(-4). Suppose 4 = 5*q - t. Let r(w) = 10*w**3 - w**2 + w - 1. Is r(q) prime?
False
Let f = -988 - -525. Let h = 723 + f. Suppose 2*t - a = a + h, 2*t + 5*a = 239. Is t a composite number?
False
Is (-4475)/(-4) - 3/(-12) a prime number?
False
Suppose 0 = -c + 71 - 12. Is c prime?
True
Let j(h) = 191*h**2 - 5*h - 5. Let q be j(-2). Suppose 4*b - q = u, -b - b - 2*u = -372. Is b composite?
False
Let w be ((-24)/18)/(2/(-3)). Suppose -w*r + 0*r = 112. Is ((-6)/4)/(4/r) a composite number?
True
Let i(s) be the third derivative of -s**4/24 + 2*s**3 - 4*s**2. Let u be i(9). Suppose 0 = 2*q - u*l + 16 - 116, 5*l = -5*q + 225. Is q composite?
False
Let d(l) = l**2 - 10*l + 12. Let c be d(9). Suppose -6*x + 63 = -c*x. Is x a prime number?
False
Suppose -j + 324 = -529. Is j prime?
True
Suppose -16 = -2*s - 2*s. Suppose 3*q + 0*d - 95 = -2*d, -s*d = -5*q + 195. Is q a composite number?
True
Suppose 4*w - 6*w - 396 = 0. Let n = w + 455. Is n a prime number?
True
Is 3842/8 + 57/76 prime?
False
Suppose -3*v = -4*a - 20, -v + 5*v - 10 = -3*a. Suppose -2*y + 25 = 2*o - 69, -194 = -v*y - o. Is y composite?
True
Suppose -260 = -3*v - 29. Is v a composite number?
True
Suppose 8*z = 4*z + 356. Is z a composite number?
False
Is (1 - 5) + (503 - 0) a composite number?
False
Is 4/9*2586 - (-3)/(-9) a prime number?
False
Let y(x) = -x**3 + x**2 + 6*x - 5*x**2 - 2 + 9. Is y(-6) a prime number?
True
Let a = -13 + 16. Suppose 280 = a*r - 2*c + 35, 2*r - 145 = 5*c. Is r composite?
True
Let j(c) be the third derivative of c**4/3 - 3*c**3/2 + 3*c**2. Let b be ((-16)/(-10))/((-1)/(-5)). Is j(b) prime?
False
Let g be (-6)/(-4) + (-1)/(-2). Let j(n) = n**3 - n. Let d(b) = -13*b**3 - 2*b**2 - 3. Let p(c) = g*j(c) - d(c). Is p(2) composite?
False
Let l = -65 - -110. Let t = 190 - l. Let v = t - 24. Is v prime?
False
Let z be (-136)/(-3) + 1/(-3). Let h(l) = -l**2 + l - 38. Let q be h(0). Let r = z - q. Is r a prime number?
True
Is (9 + -374)*(1 + -2) composite?
True
Is 263760/135 + (-2)/(-9) a composite number?
True
Let a(y) = -2*y**2 + 4*y**2 - 5*y + 0*y**2 + 2*y**3 + 5. Is a(4) prime?
False
Is (36/(-20) + 2)*4265 prime?
True
Let w = 214 - -48. Is w prime?
False
Suppose h - 131 = 69. Suppose 0 = 4*y - h - 24. Let j = y - -33. Is j a composite number?
False
Let p be -3*(-2 - -3) - -8. Suppose -2*d + 5*y = -150, 191 = -2*d + p*d + y. Is d composite?
True
Let u be ((-8)/10)/(6/15). Is (-408)/u - (-4 + 6) a composite number?
True
Let i(x) = -x**3 - 6*x**2 - 7*x - 8. Is i(-6) a prime number?
False
Suppose 3*t = -1 + 4. Let j(d) = 34*d + 1. Is j(t) a prime number?
False
Suppose -4*d + 78 = -10. Is 4*d + (-2 - -1) prime?
False
Suppose 2*s + 11 = -3. Let g(r) = 3*r**2 - 10*r - 8. Is g(s) composite?
True
Let d(q) = -7*q**3 + q**2 - 4*q - 3. Is d(-2) prime?
False
Let h = -11 - -33. Let q be (3 - 3)/(-4 + 2). Suppose q = -3*y + y + h. Is y a composite number?
False
Is (117/(-18))/((1/(-6))/1) a composite number?
True
Let y(k) = -10*k - 3. Let g be y(6). Let i be (-16)/6*g/6. Is i/(-1)*(-3)/4 composite?
True
Suppose -4*u + 3*u = 194. Let v = u - -76. Is -4*(1 - v/(-8)) prime?
False
Let q(n) = -2*n**2 + 2*n. Let x be q(2). Let s(t) = -t**2 - 5*t - 2. Let h be s(x). Suppose -h*p = 2*p - 356. Is p a prime number?
True
Suppose -v - 2*v = 3. Let c = 54 + v. Is c composite?
False
Let j(f) = f**3 - 4*f**2 + 5*f - 4. Let n be j(3). Suppose 2*q + 112 = -3*i + 503, 2*i = -n*q + 264. Is i prime?
True
Let i(w) = -98*w + 2. Let y be i(-1). Suppose -4*b + 219 = -5*b. Let k = y - b. Is k composite?
True
Let y = -51 - -536. Is y prime?
False
Let b = 136 - -123. Is b prime?
False
Suppose v + v - 5*y + 25 = 0, 2*v - 4*y = -20. Suppose 2*i - 94 - 28 = v. Let f = i + -8. Is f a composite number?
False
Suppose 4*r + 0*r = 0. Suppose -11 = -y - r*y. Suppose -2*f = w - y, 0*f + f - 3*w + 12 = 0. Is f prime?
True
Let r = 1415 + -624. Is r prime?
False
Let v(q) = q**2 - 6*q + 5. Let p be v(5). Suppose p*z = -z + 123. Is z a composite number?
True
Let s(u) = 33*u**2 - 2*u - 25. Is s(6) composite?
False
Suppose -4*j = -j - 6, -2*j + 4 = -3*s. Let t be (-6)/(-4)*(s - -2). Is (-4)/(6/t) - -165 composite?
False
Let i be 3/2*(-2)/3. Let d = -1 - i. Suppose -3*r - 42 + 297 = d. Is r a composite number?
True
Is 8/10 + (-901)/(-5) a composite number?
False
Suppose 0 = 5*a - 0 - 15. Suppose -120 = -4*r - 4*s, -r + 3*r - a*s - 85 = 0. Is r composite?
True
Let a = -2 - -11. Let r be 1/(-4) + a/4. Suppose -4*y + 20 + 18 = r*f, 3*y + 24 = 2*f. Is f composite?
True
Let q be (-3 - 0) + (-4 - -10). Is (-2)/((-1550)/(-518) - q) a composite number?
True
Let p = 1 - 8. Let c = p - -9. Suppose c*b + 61 = 563. Is b composite?
False
Let i = 55 - -24. Let o = -3 + -51. Let q = i + o. Is q composite?
True
Let g(x) = x**2 + 11*x + 11. Let i = -9 - 1. Let q be g(i). Suppose 156 = z - q. Is z a prime number?
True
Let y be -2 + (0 + -1)*-71. Suppose 0*w = -3*w + y. Suppose 4*f - w = 5. Is f a prime number?
True
Let w(o) = -2*o**3 + 4*o**2 - 2*o - 1. Is w(-5) prime?
True
Suppose -172 = 3*u - 4027. Is u prime?
False
Suppose 28 - 265 = -3*n. Is n a composite number?
False
Let t be (-5 + 1)/2 - -5. Let s(q) be the first derivative of q**4/4 - 2*q**3/3 + 5*q**2/2 - 2*q - 3. Is s(t) a composite number?
True
Let o(q) = -144*q - 1. Is o(-8) a composite number?
False
Let r be 9/(-6) + (-11)/(-2). Suppose 2*i = -2*h + 8, 11 = 3*h + 2*i - 2. Suppose r*s = 3*k + 200, -h*s - 2*k - 2*k + 219 = 0. Is s prime?
True
Let d be 1 + -3 - -4*1. Suppose x = -3*g + d + 6, 3*x - 5*g = -18. Is x + -1 + 12 + 1 prime?
True
Let c(k) = 8*k**3 - 2*k**2 - 2*k - 1. Let f be c(-2). Let t = f - -115. Suppose -q + t = 3*b + q, -3*q = 3*b - 48. Is b prime?
False
Suppose 4*g = -g - 365. Let m = -52 - g. Suppose -2*h - m = -97. Is h composite?
True
Let u = 398 - 615. Let g = -152 - u. Is g a composite number?
True
Let t(a) = -1. Let n(v) = 5*v + 2. Let q(b) = n(b) - 6*t(b). Is q(7) prime?
True
Let s = -20 - -18. Is -7 + 119 + s + -1 prime?
True
Let d(o) = -26*o + 1. Let u be d(2). Let v = 66 - -40. Let x = u + v. Is x a prime number?
False
Let g be (-4 - (2 - 3))*1. Let c be ((0 - -2) + g)*-12. Is c + (4 - (-2 - -4)) a prime number?
False
Let o = 13 + -7. Let k = -4 - -6. Suppose 12 = o*r - k*r. Is r a composite number?
False
Suppose 0 = 6*v - 9*v + 543. Is v composite?
False
Suppose -10634 = -2*k + q, 0*k + 4*q = -k + 5317. Is k a prime number?
False
Is 1654 - (-2 - (1 + (-6)/3)) a composite number?
True
Is (-2 - -89)/(6/4) prime?
False
Let t be (-4)/((-4)/(-1)) + -3. Is (149/t)/(1/(-4)) a prime number?
True
Let c be 4/(-2) + (-3 - -4). Is (c - 148)*(-3 + 2) a composite number?
False
Let v(l) = -2*l + l + 3*l**3 + 8*l**2 - 13 - 11*l**3 - 57. Let t(i) = 7*i**3 - 7*i**2 + i + 71. Let r(k) = 7*t(k) + 6*v(k). Is r(0) prime?
False
Suppose 0*t - 102 = 3*t. Let f = 48 + t. Is f a prime number?
False
Let k(v) = -v - 4. Let a(u) = -u**3 - 5*u**2 - 6*u - 4. Let j be a(-4). Let z be k(j). Let n(b) = -20*b + 3. Is n(z) prime?
True
Let b = -49 - -148. Suppose b = 5*a - 66. Suppose -v - 2*v = -a. Is v composite?
False
Let d(m) = 2*m**2 + 4*m + 7. Let b(c) = -c - 25. Let p be b(-14). Is d(p) a prime number?
False
Let l(v) = v**2 + 8*v + 10. Let j be l(-7). Suppose j - 18 = -z. Is z a prime number?
False
Is (-1 - (-2)/1)*149 a p